{"id":30,"date":"2025-10-29T16:06:19","date_gmt":"2025-10-29T15:06:19","guid":{"rendered":"http:\/\/traildesetoiles.fr\/?page_id=30"},"modified":"2025-11-19T16:38:43","modified_gmt":"2025-11-19T15:38:43","slug":"hebergement","status":"publish","type":"page","link":"https:\/\/traildesetoiles.fr\/index.php\/infos-pratiques\/hebergement\/","title":{"rendered":"HEBERGEMENT"},"content":{"rendered":"\n<div class=\"wp-block-cover alignwide is-light\" style=\"min-height:368px;aspect-ratio:unset;\"><img loading=\"lazy\" decoding=\"async\" width=\"1024\" height=\"464\" class=\"wp-block-cover__image-background wp-image-637 size-large\" alt=\"\" src=\"https:\/\/traildesetoiles.fr\/wp-content\/uploads\/2025\/11\/Le-village-saint-veran-1024x464.jpeg\" data-object-fit=\"cover\" srcset=\"https:\/\/traildesetoiles.fr\/wp-content\/uploads\/2025\/11\/Le-village-saint-veran-1024x464.jpeg 1024w, https:\/\/traildesetoiles.fr\/wp-content\/uploads\/2025\/11\/Le-village-saint-veran-300x136.jpeg 300w, https:\/\/traildesetoiles.fr\/wp-content\/uploads\/2025\/11\/Le-village-saint-veran-768x348.jpeg 768w, https:\/\/traildesetoiles.fr\/wp-content\/uploads\/2025\/11\/Le-village-saint-veran.jpeg 1250w\" sizes=\"auto, (max-width: 1024px) 100vw, 1024px\" \/><span aria-hidden=\"true\" class=\"wp-block-cover__background has-background-dim\" style=\"background-color:#758a95\"><\/span><div class=\"wp-block-cover__inner-container is-layout-constrained wp-block-cover-is-layout-constrained\">\n<div class=\"wp-block-uagb-buttons uagb-buttons__outer-wrap uagb-btn__default-btn uagb-btn-tablet__default-btn uagb-btn-mobile__default-btn uagb-block-0ff927be\"><div class=\"uagb-buttons__wrap uagb-buttons-layout-wrap \">\n<div class=\"wp-block-uagb-buttons-child uagb-buttons__outer-wrap uagb-block-310a3600 wp-block-button\"><div class=\"uagb-button__wrapper\"><a class=\"uagb-buttons-repeater wp-block-button__link\" aria-label=\"\" href=\"#\" rel=\"follow noopener\" target=\"_self\" role=\"button\"><div class=\"uagb-button__link\">OU DORMIR ?<\/div><\/a><\/div><\/div>\n<\/div><\/div>\n<\/div><\/div>\n\n\n\n<div style=\"height:49px\" aria-hidden=\"true\" class=\"wp-block-spacer\"><\/div>\n\n\n\n<div class=\"wp-block-uagb-container uagb-block-775e55e6 default uagb-is-root-container\"><div class=\"uagb-container__shape uagb-container__shape-bottom uagb-container__invert\" data-negative=\"false\"><svg xmlns=\"https:\/\/www.w3.org\/2000\/svg\" viewBox=\"0 0 1000 100\" preserveAspectRatio=\"none\"><path class=\"uagb-container__shape-fill\" d=\"M738,99l262-93V0H0v5.6L738,99z\"><\/path><\/svg><\/div>\n<div class=\"wp-block-uagb-container uagb-block-b094d419\">\n<h2 class=\"wp-block-heading has-text-align-center has-luminous-vivid-orange-color has-text-color has-link-color wp-elements-5dd12a4abea3e737ef84479baff9a4e1\">A PROXIMITE DE MOLINES &amp; SAINT-VERAN<\/h2>\n<\/div>\n\n\n\n<div class=\"wp-block-uagb-container uagb-layout-grid uagb-block-1e824325\">\n<div class=\"wp-block-uagb-container uagb-block-4560505c\">\n<p class=\"has-text-align-center\" style=\"padding-top:var(--wp--preset--spacing--30);padding-right:var(--wp--preset--spacing--30);padding-bottom:var(--wp--preset--spacing--30);padding-left:var(--wp--preset--spacing--30);font-size:19px\">Retrouvez la liste des h\u00e9bergements \u00e0 proximit\u00e9 de Molines et Saint-V\u00e9ran sur le site de notre Communaut\u00e9 de Communes du Guillestrois-Queyras<\/p>\n<\/div>\n\n\n\n<div class=\"wp-block-uagb-container uagb-block-d3e11a8a\">\n<div class=\"wp-block-uagb-image uagb-block-c6585be8 wp-block-uagb-image--layout-default wp-block-uagb-image--effect-static wp-block-uagb-image--align-none\"><figure class=\"wp-block-uagb-image__figure\"><a class=\"\" href=\"https:\/\/reservation.lequeyras.com\/\" target=\"_blank\" rel=\"noreferrer noopener\"><img decoding=\"async\" srcset=\"https:\/\/traildesetoiles.fr\/wp-content\/uploads\/2025\/11\/logo_queyras_black.png ,https:\/\/traildesetoiles.fr\/wp-content\/uploads\/2025\/11\/logo_queyras_black.png 780w, https:\/\/traildesetoiles.fr\/wp-content\/uploads\/2025\/11\/logo_queyras_black.png 360w\" sizes=\"auto, (max-width: 480px) 150px\" src=\"https:\/\/traildesetoiles.fr\/wp-content\/uploads\/2025\/11\/logo_queyras_black.png\" alt=\"\" class=\"uag-image-1016\" width=\"177\" height=\"101\" title=\"logo_queyras_black\" loading=\"lazy\" role=\"img\"\/><\/a><\/figure><\/div>\n<\/div>\n<\/div>\n\n\n\n<div style=\"height:100px\" aria-hidden=\"true\" class=\"wp-block-spacer\"><\/div>\n<\/div>\n\n\n\n<div style=\"height:66px\" aria-hidden=\"true\" class=\"wp-block-spacer\"><\/div>\n\n\n\n<div class=\"wp-block-uagb-container uagb-layout-flex uagb-block-bb063f63 default uagb-is-root-container\">\n<h2 class=\"wp-block-heading has-text-align-center has-luminous-vivid-orange-color has-text-color has-link-color wp-elements-28a3e2265f40b382a9b7d616b7822357\">ZONE BIVOUAC<\/h2>\n\n\n\n<p class=\"has-text-align-center\" style=\"padding-top:0;padding-bottom:0;font-size:20px\">Une zone bivouac sera gratuitement propos\u00e9e par l&rsquo;organisation du vendredi 14 ao\u00fbt 2026 apr\u00e8s midi, au lundi 17 ao\u00fbt matin.<\/p>\n\n\n\n<div class=\"wp-block-media-text has-media-on-the-right is-stacked-on-mobile is-image-fill-element\" style=\"grid-template-columns:auto 40%\"><div class=\"wp-block-media-text__content\">\n<p class=\"has-text-align-center\" style=\"font-size:18px\">Cette zone se trouve dans le hameau de la chalp \u00e0 800 m\u00e8tres de la ligne de d\u00e9part, rive droite de l&rsquo;Aigue blanche, \u00e0 droite du pont en bois.<\/p>\n\n\n\n<div class=\"wp-block-uagb-icon-list uagb-block-7a2a6e70\"><div class=\"uagb-icon-list__wrap\">\n<div class=\"wp-block-uagb-icon-list-child uagb-block-f7771a29\"><span class=\"uagb-icon-list__source-wrap\"><svg xmlns=\"https:\/\/www.w3.org\/2000\/svg\" viewBox=\"0 0 640 512\"><path d=\"M0 112C0 67.82 35.82 32 80 32H416C504.4 32 576 103.6 576 192V352H608C625.7 352 640 366.3 640 384C640 401.7 625.7 416 608 416H288C288 469 245 512 192 512C138.1 512 96 469 96 416H80C35.82 416 0 380.2 0 336V112zM320 352H448V256H416C407.2 256 400 248.8 400 240C400 231.2 407.2 224 416 224H448V160C448 142.3 433.7 128 416 128H352C334.3 128 320 142.3 320 160V352zM96 128C78.33 128 64 142.3 64 160V224C64 241.7 78.33 256 96 256H224C241.7 256 256 241.7 256 224V160C256 142.3 241.7 128 224 128H96zM192 464C218.5 464 240 442.5 240 416C240 389.5 218.5 368 192 368C165.5 368 144 389.5 144 416C144 442.5 165.5 464 192 464z\"><\/path><\/svg><\/span><span class=\"uagb-icon-list__label\">Vos v\u00e9hicules, camping-cars, ne sont pas autoris\u00e9s \u00e0 l&rsquo;int\u00e9rieur de la zone bivouac. Ils doivent \u00eatre gar\u00e9s sur les parkings de la station de Molines ou de la Chalp.<\/span><\/div>\n\n\n\n<div class=\"wp-block-uagb-icon-list-child uagb-block-be18a1c5\"><span class=\"uagb-icon-list__source-wrap\"><svg xmlns=\"https:\/\/www.w3.org\/2000\/svg\" viewBox=\"0 0 384 512\"><path d=\"M384 319.1C384 425.9 297.9 512 192 512s-192-86.13-192-192c0-58.67 27.82-106.8 54.57-134.1C69.54 169.3 96 179.8 96 201.5v85.5c0 35.17 27.97 64.5 63.16 64.94C194.9 352.5 224 323.6 224 288c0-88-175.1-96.12-52.15-277.2c13.5-19.72 44.15-10.77 44.15 13.03C215.1 127 384 149.7 384 319.1z\"><\/path><\/svg><\/span><span class=\"uagb-icon-list__label\">Les feux de camps sont interdits.<\/span><\/div>\n\n\n\n<div class=\"wp-block-uagb-icon-list-child uagb-block-f9c5620a\"><span class=\"uagb-icon-list__source-wrap\"><svg xmlns=\"https:\/\/www.w3.org\/2000\/svg\" viewBox=\"0 0 576 512\"><path d=\"M269.4 5.961C280.5-1.987 295.5-1.987 306.6 5.961L530.6 165.1C538 171.2 542.8 179.4 543.8 188.5L575.8 476.5C576.8 485.5 573.9 494.6 567.8 501.3C561.8 508.1 553.1 512 544 512H416L288 288V512H32C22.9 512 14.23 508.1 8.156 501.3C2.086 494.6-.8093 485.5 .1958 476.5L32.2 188.5C33.2 179.4 38 171.2 45.4 165.1L269.4 5.961z\"><\/path><\/svg><\/span><span class=\"uagb-icon-list__label\">A proximit\u00e9, se trouvent des barbecues et des tables, install\u00e9s par la mairie de St V\u00e9ran.<\/span><\/div>\n\n\n\n<div class=\"wp-block-uagb-icon-list-child uagb-block-b477ed4a\"><span class=\"uagb-icon-list__source-wrap\"><svg xmlns=\"https:\/\/www.w3.org\/2000\/svg\" viewBox=\"0 0 448 512\"><path d=\"M432 48C440.8 48 448 40.75 448 32V16C448 7.25 440.8 0 432 0h-416C7.25 0 0 7.25 0 16V32c0 8.75 7.25 16 16 16H32v158.7C11.82 221.2 0 237.1 0 256c0 60.98 33.28 115.2 84.1 150.4l-19.59 64.36C59.16 491.3 74.53 512 96.03 512h255.9c21.5 0 36.88-20.75 30.62-41.25L363 406.4C414.7 371.2 448 316.1 448 256c0-18.04-11.82-34.85-32-49.26V48H432zM96 72C96 67.63 99.63 64 104 64h48C156.4 64 160 67.63 160 72v16C160 92.38 156.4 96 152 96h-48C99.63 96 96 92.38 96 88V72zM224 288C135.6 288 64 273.7 64 256c0-17.67 71.63-32 160-32s160 14.33 160 32C384 273.7 312.4 288 224 288z\"><\/path><\/svg><\/span><span class=\"uagb-icon-list__label\">Les toilettes \u00e0 utiliser, sont les toilettes publiques situ\u00e9es dans la station de Molines (en face du restaurant l&rsquo;Ours Blanc).<\/span><\/div>\n\n\n\n<div class=\"wp-block-uagb-icon-list-child uagb-block-1a0bbfcf\"><span class=\"uagb-icon-list__source-wrap\"><svg xmlns=\"https:\/\/www.w3.org\/2000\/svg\" viewBox=\"0 0 512 512\"><path d=\"M288 384c-17.67 0-32 14.33-32 32c0 17.67 14.33 32 32 32s32-14.33 32-32C320 398.3 305.7 384 288 384zM416 256c-17.67 0-32 14.33-32 32c0 17.67 14.33 32 32 32s32-14.33 32-32C448 270.3 433.7 256 416 256zM480 192c-17.67 0-32 14.33-32 32c0 17.67 14.33 32 32 32s32-14.33 32-32C512 206.3 497.7 192 480 192zM288 320c0-17.67-14.33-32-32-32s-32 14.33-32 32c0 17.67 14.33 32 32 32S288 337.7 288 320zM320 224c-17.67 0-32 14.33-32 32c0 17.67 14.33 32 32 32s32-14.33 32-32C352 238.3 337.7 224 320 224zM384 224c17.67 0 32-14.33 32-32c0-17.67-14.33-32-32-32s-32 14.33-32 32C352 209.7 366.3 224 384 224zM352 320c-17.67 0-32 14.33-32 32c0 17.67 14.33 32 32 32s32-14.33 32-32C384 334.3 369.7 320 352 320zM347.3 91.31l-11.31-11.31c-6.248-6.248-16.38-6.248-22.63 0l-6.631 6.631c-35.15-26.29-81.81-29.16-119.6-8.779L170.5 61.25C132.2 22.95 63.65 18.33 21.98 71.16C7.027 90.11 0 114.3 0 138.4V464C0 472.8 7.164 480 16 480h32C56.84 480 64 472.8 64 464V131.9c0-19.78 16.09-35.87 35.88-35.87c9.438 0 18.69 3.828 25.38 10.5l16.61 16.61C121.5 160.9 124.3 207.6 150.6 242.7L144 249.4c-6.248 6.248-6.248 16.38 0 22.63l11.31 11.31c6.248 6.25 16.38 6.25 22.63 0l169.4-169.4C353.6 107.7 353.6 97.56 347.3 91.31z\"><\/path><\/svg><\/span><span class=\"uagb-icon-list__label\">Il n&rsquo;y a pas de douche, ni autres services mis \u00e0 disposition.<\/span><\/div>\n<\/div><\/div>\n<\/div><figure class=\"wp-block-media-text__media\"><img loading=\"lazy\" decoding=\"async\" width=\"1024\" height=\"683\" src=\"https:\/\/traildesetoiles.fr\/wp-content\/uploads\/2025\/11\/PierrePapet-TrailDesEtoiles-SecondBatch-12-1024x683.jpg\" alt=\"\" class=\"wp-image-536 size-full\" style=\"object-position:50% 50%\" srcset=\"https:\/\/traildesetoiles.fr\/wp-content\/uploads\/2025\/11\/PierrePapet-TrailDesEtoiles-SecondBatch-12-1024x683.jpg 1024w, https:\/\/traildesetoiles.fr\/wp-content\/uploads\/2025\/11\/PierrePapet-TrailDesEtoiles-SecondBatch-12-300x200.jpg 300w, https:\/\/traildesetoiles.fr\/wp-content\/uploads\/2025\/11\/PierrePapet-TrailDesEtoiles-SecondBatch-12-768x512.jpg 768w, https:\/\/traildesetoiles.fr\/wp-content\/uploads\/2025\/11\/PierrePapet-TrailDesEtoiles-SecondBatch-12-1536x1024.jpg 1536w, https:\/\/traildesetoiles.fr\/wp-content\/uploads\/2025\/11\/PierrePapet-TrailDesEtoiles-SecondBatch-12-2048x1365.jpg 2048w\" sizes=\"auto, (max-width: 1024px) 100vw, 1024px\" \/><\/figure><\/div>\n\n\n\n<p class=\"has-text-align-center\" style=\"font-size:18px\">Merci de respecter ce lieu, de ne laisser aucun d\u00e9chet afin que nous puissions chaque ann\u00e9e vous proposer ces nuits \u00e0 la belle \u00e9toile !<\/p>\n<\/div>\n\n\n\n<div style=\"height:170px\" aria-hidden=\"true\" class=\"wp-block-spacer\"><\/div>\n\n\n\n<div class=\"wp-block-uagb-container uagb-block-52e4188b alignfull uagb-is-root-container\"><div class=\"uagb-container__shape uagb-container__shape-bottom uagb-container__invert\" data-negative=\"false\"><svg xmlns=\"https:\/\/www.w3.org\/2000\/svg\" viewBox=\"0 0 1000 100\" preserveAspectRatio=\"none\"><path class=\"uagb-container__shape-fill\" opacity=\"0.33\" d=\"M473,67.3c-203.9,88.3-263.1-34-320.3,0C66,119.1,0,59.7,0,59.7V0h1000v59.7 c0,0-62.1,26.1-94.9,29.3c-32.8,3.3-62.8-12.3-75.8-22.1C806,49.6,745.3,8.7,694.9,4.7S492.4,59,473,67.3z\"><\/path><path class=\"uagb-container__shape-fill\" opacity=\"0.66\" d=\"M734,67.3c-45.5,0-77.2-23.2-129.1-39.1c-28.6-8.7-150.3-10.1-254,39.1 s-91.7-34.4-149.2,0C115.7,118.3,0,39.8,0,39.8V0h1000v36.5c0,0-28.2-18.5-92.1-18.5C810.2,18.1,775.7,67.3,734,67.3z\"><\/path><path class=\"uagb-container__shape-fill\" d=\"M766.1,28.9c-200-57.5-266,65.5-395.1,19.5C242,1.8,242,5.4,184.8,20.6C128,35.8,132.3,44.9,89.9,52.5C28.6,63.7,0,0,0,0 h1000c0,0-9.9,40.9-83.6,48.1S829.6,47,766.1,28.9z\"><\/path><\/svg><\/div><div class=\"uagb-container-inner-blocks-wrap\"><\/div><\/div>\n","protected":false},"excerpt":{"rendered":"<p>A PROXIMITE DE MOLINES &amp; SAINT-VERAN Retrouvez la liste des h\u00e9bergements \u00e0 proximit\u00e9 de Molines et Saint-V\u00e9ran sur le site [&hellip;]<\/p>\n","protected":false},"author":2,"featured_media":0,"parent":20,"menu_order":0,"comment_status":"closed","ping_status":"closed","template":"","meta":{"_uag_custom_page_level_css":"","site-sidebar-layout":"default","site-content-layout":"","ast-site-content-layout":"default","site-content-style":"default","site-sidebar-style":"default","ast-global-header-display":"","ast-banner-title-visibility":"","ast-main-header-display":"","ast-hfb-above-header-display":"","ast-hfb-below-header-display":"","ast-hfb-mobile-header-display":"","site-post-title":"disabled","ast-breadcrumbs-content":"","ast-featured-img":"","footer-sml-layout":"","ast-disable-related-posts":"","theme-transparent-header-meta":"","adv-header-id-meta":"","stick-header-meta":"","header-above-stick-meta":"","header-main-stick-meta":"","header-below-stick-meta":"","astra-migrate-meta-layouts":"default","ast-page-background-enabled":"default","ast-page-background-meta":{"desktop":{"background-color":"var(--ast-global-color-5)","background-image":"","background-repeat":"repeat","background-position":"center center","background-size":"auto","background-attachment":"scroll","background-type":"","background-media":"","overlay-type":"","overlay-color":"","overlay-opacity":"","overlay-gradient":""},"tablet":{"background-color":"","background-image":"","background-repeat":"repeat","background-position":"center center","background-size":"auto","background-attachment":"scroll","background-type":"","background-media":"","overlay-type":"","overlay-color":"","overlay-opacity":"","overlay-gradient":""},"mobile":{"background-color":"","background-image":"","background-repeat":"repeat","background-position":"center center","background-size":"auto","background-attachment":"scroll","background-type":"","background-media":"","overlay-type":"","overlay-color":"","overlay-opacity":"","overlay-gradient":""}},"ast-content-background-meta":{"desktop":{"background-color":"var(--ast-global-color-4)","background-image":"","background-repeat":"repeat","background-position":"center center","background-size":"auto","background-attachment":"scroll","background-type":"","background-media":"","overlay-type":"","overlay-color":"","overlay-opacity":"","overlay-gradient":""},"tablet":{"background-color":"var(--ast-global-color-4)","background-image":"","background-repeat":"repeat","background-position":"center center","background-size":"auto","background-attachment":"scroll","background-type":"","background-media":"","overlay-type":"","overlay-color":"","overlay-opacity":"","overlay-gradient":""},"mobile":{"background-color":"var(--ast-global-color-4)","background-image":"","background-repeat":"repeat","background-position":"center center","background-size":"auto","background-attachment":"scroll","background-type":"","background-media":"","overlay-type":"","overlay-color":"","overlay-opacity":"","overlay-gradient":""}},"footnotes":""},"class_list":["post-30","page","type-page","status-publish","hentry"],"yoast_head":"<!-- This site is optimized with the Yoast SEO plugin v27.2 - https:\/\/yoast.com\/product\/yoast-seo-wordpress\/ -->\n<title>HEBERGEMENT - Trail des Etoiles<\/title>\n<meta name=\"robots\" content=\"index, follow, max-snippet:-1, max-image-preview:large, max-video-preview:-1\" \/>\n<link rel=\"canonical\" href=\"https:\/\/traildesetoiles.fr\/index.php\/infos-pratiques\/hebergement\/\" \/>\n<meta property=\"og:locale\" content=\"fr_FR\" \/>\n<meta property=\"og:type\" content=\"article\" \/>\n<meta property=\"og:title\" content=\"HEBERGEMENT - Trail des Etoiles\" \/>\n<meta property=\"og:description\" content=\"A PROXIMITE DE MOLINES &amp; SAINT-VERAN Retrouvez la liste des h\u00e9bergements \u00e0 proximit\u00e9 de Molines et Saint-V\u00e9ran sur le site [&hellip;]\" \/>\n<meta property=\"og:url\" content=\"https:\/\/traildesetoiles.fr\/index.php\/infos-pratiques\/hebergement\/\" \/>\n<meta property=\"og:site_name\" content=\"Trail des Etoiles\" \/>\n<meta property=\"article:publisher\" content=\"https:\/\/www.facebook.com\/trail.des.etoiles.05\/\" \/>\n<meta property=\"article:modified_time\" content=\"2025-11-19T15:38:43+00:00\" \/>\n<meta property=\"og:image\" content=\"http:\/\/traildesetoiles.fr\/wp-content\/uploads\/2025\/11\/Le-village-saint-veran-1024x464.jpeg\" \/>\n<meta name=\"twitter:card\" content=\"summary_large_image\" \/>\n<meta name=\"twitter:label1\" content=\"Dur\u00e9e de lecture estim\u00e9e\" \/>\n\t<meta name=\"twitter:data1\" content=\"2 minutes\" \/>\n<script type=\"application\/ld+json\" class=\"yoast-schema-graph\">{\"@context\":\"https:\/\/schema.org\",\"@graph\":[{\"@type\":\"WebPage\",\"@id\":\"https:\/\/traildesetoiles.fr\/index.php\/infos-pratiques\/hebergement\/\",\"url\":\"https:\/\/traildesetoiles.fr\/index.php\/infos-pratiques\/hebergement\/\",\"name\":\"HEBERGEMENT - Trail des Etoiles\",\"isPartOf\":{\"@id\":\"https:\/\/traildesetoiles.fr\/#website\"},\"primaryImageOfPage\":{\"@id\":\"https:\/\/traildesetoiles.fr\/index.php\/infos-pratiques\/hebergement\/#primaryimage\"},\"image\":{\"@id\":\"https:\/\/traildesetoiles.fr\/index.php\/infos-pratiques\/hebergement\/#primaryimage\"},\"thumbnailUrl\":\"http:\/\/traildesetoiles.fr\/wp-content\/uploads\/2025\/11\/Le-village-saint-veran-1024x464.jpeg\",\"datePublished\":\"2025-10-29T15:06:19+00:00\",\"dateModified\":\"2025-11-19T15:38:43+00:00\",\"breadcrumb\":{\"@id\":\"https:\/\/traildesetoiles.fr\/index.php\/infos-pratiques\/hebergement\/#breadcrumb\"},\"inLanguage\":\"fr-FR\",\"potentialAction\":[{\"@type\":\"ReadAction\",\"target\":[\"https:\/\/traildesetoiles.fr\/index.php\/infos-pratiques\/hebergement\/\"]}]},{\"@type\":\"ImageObject\",\"inLanguage\":\"fr-FR\",\"@id\":\"https:\/\/traildesetoiles.fr\/index.php\/infos-pratiques\/hebergement\/#primaryimage\",\"url\":\"https:\/\/traildesetoiles.fr\/wp-content\/uploads\/2025\/11\/Le-village-saint-veran.jpeg\",\"contentUrl\":\"https:\/\/traildesetoiles.fr\/wp-content\/uploads\/2025\/11\/Le-village-saint-veran.jpeg\",\"width\":1250,\"height\":566},{\"@type\":\"BreadcrumbList\",\"@id\":\"https:\/\/traildesetoiles.fr\/index.php\/infos-pratiques\/hebergement\/#breadcrumb\",\"itemListElement\":[{\"@type\":\"ListItem\",\"position\":1,\"name\":\"Accueil\",\"item\":\"https:\/\/traildesetoiles.fr\/\"},{\"@type\":\"ListItem\",\"position\":2,\"name\":\"INFOS PRATIQUES\",\"item\":\"https:\/\/traildesetoiles.fr\/index.php\/infos-pratiques\/\"},{\"@type\":\"ListItem\",\"position\":3,\"name\":\"HEBERGEMENT\"}]},{\"@type\":\"WebSite\",\"@id\":\"https:\/\/traildesetoiles.fr\/#website\",\"url\":\"https:\/\/traildesetoiles.fr\/\",\"name\":\"Trail des Etoiles\",\"description\":\"by Queyras Trail\",\"publisher\":{\"@id\":\"https:\/\/traildesetoiles.fr\/#organization\"},\"potentialAction\":[{\"@type\":\"SearchAction\",\"target\":{\"@type\":\"EntryPoint\",\"urlTemplate\":\"https:\/\/traildesetoiles.fr\/?s={search_term_string}\"},\"query-input\":{\"@type\":\"PropertyValueSpecification\",\"valueRequired\":true,\"valueName\":\"search_term_string\"}}],\"inLanguage\":\"fr-FR\"},{\"@type\":\"Organization\",\"@id\":\"https:\/\/traildesetoiles.fr\/#organization\",\"name\":\"Trail des Etoiles\",\"url\":\"https:\/\/traildesetoiles.fr\/\",\"logo\":{\"@type\":\"ImageObject\",\"inLanguage\":\"fr-FR\",\"@id\":\"https:\/\/traildesetoiles.fr\/#\/schema\/logo\/image\/\",\"url\":\"https:\/\/traildesetoiles.fr\/wp-content\/uploads\/2025\/11\/cropped-trail-black-02-scaled-1.png\",\"contentUrl\":\"https:\/\/traildesetoiles.fr\/wp-content\/uploads\/2025\/11\/cropped-trail-black-02-scaled-1.png\",\"width\":2558,\"height\":1206,\"caption\":\"Trail des Etoiles\"},\"image\":{\"@id\":\"https:\/\/traildesetoiles.fr\/#\/schema\/logo\/image\/\"},\"sameAs\":[\"https:\/\/www.facebook.com\/trail.des.etoiles.05\/\",\"https:\/\/www.instagram.com\/traildesetoiles05\/\"]}]}<\/script>\n<!-- \/ Yoast SEO plugin. -->","yoast_head_json":{"title":"HEBERGEMENT - Trail des Etoiles","robots":{"index":"index","follow":"follow","max-snippet":"max-snippet:-1","max-image-preview":"max-image-preview:large","max-video-preview":"max-video-preview:-1"},"canonical":"https:\/\/traildesetoiles.fr\/index.php\/infos-pratiques\/hebergement\/","og_locale":"fr_FR","og_type":"article","og_title":"HEBERGEMENT - Trail des Etoiles","og_description":"A PROXIMITE DE MOLINES &amp; SAINT-VERAN Retrouvez la liste des h\u00e9bergements \u00e0 proximit\u00e9 de Molines et Saint-V\u00e9ran sur le site [&hellip;]","og_url":"https:\/\/traildesetoiles.fr\/index.php\/infos-pratiques\/hebergement\/","og_site_name":"Trail des Etoiles","article_publisher":"https:\/\/www.facebook.com\/trail.des.etoiles.05\/","article_modified_time":"2025-11-19T15:38:43+00:00","og_image":[{"url":"http:\/\/traildesetoiles.fr\/wp-content\/uploads\/2025\/11\/Le-village-saint-veran-1024x464.jpeg","type":"","width":"","height":""}],"twitter_card":"summary_large_image","twitter_misc":{"Dur\u00e9e de lecture estim\u00e9e":"2 minutes"},"schema":{"@context":"https:\/\/schema.org","@graph":[{"@type":"WebPage","@id":"https:\/\/traildesetoiles.fr\/index.php\/infos-pratiques\/hebergement\/","url":"https:\/\/traildesetoiles.fr\/index.php\/infos-pratiques\/hebergement\/","name":"HEBERGEMENT - Trail des Etoiles","isPartOf":{"@id":"https:\/\/traildesetoiles.fr\/#website"},"primaryImageOfPage":{"@id":"https:\/\/traildesetoiles.fr\/index.php\/infos-pratiques\/hebergement\/#primaryimage"},"image":{"@id":"https:\/\/traildesetoiles.fr\/index.php\/infos-pratiques\/hebergement\/#primaryimage"},"thumbnailUrl":"http:\/\/traildesetoiles.fr\/wp-content\/uploads\/2025\/11\/Le-village-saint-veran-1024x464.jpeg","datePublished":"2025-10-29T15:06:19+00:00","dateModified":"2025-11-19T15:38:43+00:00","breadcrumb":{"@id":"https:\/\/traildesetoiles.fr\/index.php\/infos-pratiques\/hebergement\/#breadcrumb"},"inLanguage":"fr-FR","potentialAction":[{"@type":"ReadAction","target":["https:\/\/traildesetoiles.fr\/index.php\/infos-pratiques\/hebergement\/"]}]},{"@type":"ImageObject","inLanguage":"fr-FR","@id":"https:\/\/traildesetoiles.fr\/index.php\/infos-pratiques\/hebergement\/#primaryimage","url":"https:\/\/traildesetoiles.fr\/wp-content\/uploads\/2025\/11\/Le-village-saint-veran.jpeg","contentUrl":"https:\/\/traildesetoiles.fr\/wp-content\/uploads\/2025\/11\/Le-village-saint-veran.jpeg","width":1250,"height":566},{"@type":"BreadcrumbList","@id":"https:\/\/traildesetoiles.fr\/index.php\/infos-pratiques\/hebergement\/#breadcrumb","itemListElement":[{"@type":"ListItem","position":1,"name":"Accueil","item":"https:\/\/traildesetoiles.fr\/"},{"@type":"ListItem","position":2,"name":"INFOS PRATIQUES","item":"https:\/\/traildesetoiles.fr\/index.php\/infos-pratiques\/"},{"@type":"ListItem","position":3,"name":"HEBERGEMENT"}]},{"@type":"WebSite","@id":"https:\/\/traildesetoiles.fr\/#website","url":"https:\/\/traildesetoiles.fr\/","name":"Trail des Etoiles","description":"by Queyras Trail","publisher":{"@id":"https:\/\/traildesetoiles.fr\/#organization"},"potentialAction":[{"@type":"SearchAction","target":{"@type":"EntryPoint","urlTemplate":"https:\/\/traildesetoiles.fr\/?s={search_term_string}"},"query-input":{"@type":"PropertyValueSpecification","valueRequired":true,"valueName":"search_term_string"}}],"inLanguage":"fr-FR"},{"@type":"Organization","@id":"https:\/\/traildesetoiles.fr\/#organization","name":"Trail des Etoiles","url":"https:\/\/traildesetoiles.fr\/","logo":{"@type":"ImageObject","inLanguage":"fr-FR","@id":"https:\/\/traildesetoiles.fr\/#\/schema\/logo\/image\/","url":"https:\/\/traildesetoiles.fr\/wp-content\/uploads\/2025\/11\/cropped-trail-black-02-scaled-1.png","contentUrl":"https:\/\/traildesetoiles.fr\/wp-content\/uploads\/2025\/11\/cropped-trail-black-02-scaled-1.png","width":2558,"height":1206,"caption":"Trail des Etoiles"},"image":{"@id":"https:\/\/traildesetoiles.fr\/#\/schema\/logo\/image\/"},"sameAs":["https:\/\/www.facebook.com\/trail.des.etoiles.05\/","https:\/\/www.instagram.com\/traildesetoiles05\/"]}]}},"uagb_featured_image_src":{"full":false,"thumbnail":false,"medium":false,"medium_large":false,"large":false,"1536x1536":false,"2048x2048":false},"uagb_author_info":{"display_name":"Pierrick A","author_link":"https:\/\/traildesetoiles.fr\/index.php\/author\/pierrick-a\/"},"uagb_comment_info":0,"uagb_excerpt":"A PROXIMITE DE MOLINES &amp; SAINT-VERAN Retrouvez la liste des h\u00e9bergements \u00e0 proximit\u00e9 de Molines et Saint-V\u00e9ran sur le site [&hellip;]","_links":{"self":[{"href":"https:\/\/traildesetoiles.fr\/index.php\/wp-json\/wp\/v2\/pages\/30","targetHints":{"allow":["GET"]}}],"collection":[{"href":"https:\/\/traildesetoiles.fr\/index.php\/wp-json\/wp\/v2\/pages"}],"about":[{"href":"https:\/\/traildesetoiles.fr\/index.php\/wp-json\/wp\/v2\/types\/page"}],"author":[{"embeddable":true,"href":"https:\/\/traildesetoiles.fr\/index.php\/wp-json\/wp\/v2\/users\/2"}],"replies":[{"embeddable":true,"href":"https:\/\/traildesetoiles.fr\/index.php\/wp-json\/wp\/v2\/comments?post=30"}],"version-history":[{"count":28,"href":"https:\/\/traildesetoiles.fr\/index.php\/wp-json\/wp\/v2\/pages\/30\/revisions"}],"predecessor-version":[{"id":1017,"href":"https:\/\/traildesetoiles.fr\/index.php\/wp-json\/wp\/v2\/pages\/30\/revisions\/1017"}],"up":[{"embeddable":true,"href":"https:\/\/traildesetoiles.fr\/index.php\/wp-json\/wp\/v2\/pages\/20"}],"wp:attachment":[{"href":"https:\/\/traildesetoiles.fr\/index.php\/wp-json\/wp\/v2\/media?parent=30"}],"curies":[{"name":"wp","href":"https:\/\/api.w.org\/{rel}","templated":true}]}}